e prime factors of ((-4)/(-5))/(-3 - 879942/(-293310)).
2, 3, 3259
Let g = -29916 - -60193. List the prime factors of g.
13, 17, 137
Suppose 0 = h + 17 + 63. Let n = -69 - -66. What are the prime factors of (-1)/((-12)/h)*n*1?
2, 5
Let d = 11606 - 7218. What are the prime factors of d?
2, 1097
Let w be (9*-19)/(8/(-120)). Suppose 51*c = 24*c + w. What are the prime factors of c?
5, 19
Let r = -20 - -44. Let a be 12/r - 6/(-4). Suppose -4*f + 5*y + 237 = 0, -5*f + y + 289 = a*y. List the prime factors of f.
2, 29
What are the prime factors of (-101)/(-303)*6/2 - -36002?
3, 11, 1091
Let m = -2348 + 5767. What are the prime factors of m?
13, 263
Let b(a) = 17*a - 124 - 141 - 2 + 203*a. List the prime factors of b(6).
3, 13
Let w be (-72)/27*(-3)/4. Suppose g = w*m - g - 14, -4*m - 17 = 5*g. What are the prime factors of (-170)/(-3) - m/(-9)*-3?
2, 7
Suppose 2*f - 31 = h - 343, -2*f = 6. Let i = h - -629. List the prime factors of i.
5, 11, 17
Let k(z) = -z**3 - 32*z**2 + 37*z + 135. Let q be k(-33). List the prime factors of q + 801 + (-10)/(-5).
2, 13, 31
Let t(y) = 7*y**2 + 14*y + 13. Suppose -110 + 152 = -6*d. List the prime factors of t(d).
2, 3, 43
Let k = -68 + 44. Let z(g) = -22*g + 81. What are the prime factors of z(k)?
3, 7, 29
Let g(u) = 506*u + 5. Let t(m) = -252*m - 3. Let c(s) = -3*g(s) - 5*t(s). What are the prime factors of c(-1)?
2, 3, 43
Suppose 4*k = 3*r - 22, -k - 3*k = 2*r - 48. Let p = 67 - r. Let z = p + -37. List the prime factors of z.
2
Suppose o + 8 = 10. Suppose -4 = 6*b + o. What are the prime factors of b/(2/(-8)) - (-246 + 5)?
5, 7
Let c(i) be the first derivative of i**4/4 + 2*i**3 - 3*i**2/2 - 2*i - 8. Suppose 20*l - 11*l - 36 = 0. List the prime factors of c(l).
2, 73
Suppose -4*r + 2*r = 12. Let m(s) = s**3 + 6*s**2 + 2*s + 2. Let y be m(r). List the prime factors of 3 + 117*y/(-15).
3
Let a(d) = 138*d + 109. Suppose 0 = -3*n - o + 28, -2*n + 5*o = -3*n. List the prime factors of a(n).
1489
Suppose -5*j - c - 47 = 8, -2*j - 14 = 2*c. What are the prime factors of (j/49)/(14/(-49))*994?
2, 3, 71
Suppose 0 = 4*w + 12, -2*w + 5010 = -d + 4*d. Suppose 4618 = 5*s - d. List the prime factors of s.
2, 17, 37
Suppose 0 = 2*i + 6*i - 117528. What are the prime factors of (-4)/22 - (i/(-33) + 2)?
443
Suppose -7*o = -107 - 719. What are the prime factors of o/(-2)*(2 + -4) + -1?
3, 13
Let d = 18522 - 11328. What are the prime factors of d?
2, 3, 11, 109
Let d(t) = 29*t**2 - 3*t + 7. Let q be d(3). Suppose 0 = -3*m - 3, m + q = j - 119. Let w = -261 + j. List the prime factors of w.
2, 29
Let f(y) = 2*y + 40. Let v be f(5). Let l = v - -140. Suppose -n + 3*n + 5*x = 380, -x = n - l. List the prime factors of n.
2, 5, 19
Let x = 12519 + -1002. List the prime factors of x.
3, 11, 349
Let l = -369 + 353. What are the prime factors of 1010 - 13/(104/l)?
2, 11, 23
Suppose -5*c = 3*n - 25, -c + 5 = 3*n + n. Suppose -3*u - 2*y = -183, n = -3*u - y + 2*y + 183. Let q = u - 15. What are the prime factors of q?
2, 23
What are the prime factors of ((-1186125)/20)/(-3) + 60/240?
53, 373
Suppose -g - 5*s + 27 = 0, -5*g + 3*s + 2 = 7. Suppose 0 = -g*i + 4, i = -5*n - 1517 + 194. Let t = n + 383. List the prime factors of t.
2, 59
Let m(a) = 311*a - 1246. What are the prime factors of m(11)?
3, 5, 29
Suppose 0*k + 4*d + 52760 = 4*k, 5*k + 5*d = 65920. What are the prime factors of k?
13187
Suppose 47*c - 34*c = -91. What are the prime factors of (-5)/((-35)/3) + (-669)/c?
2, 3
Let h(w) be the first derivative of 69*w**4/4 + 4. Let r be h(1). Suppose -r = -3*k - 4*m + 3*m, 2*k - 38 = 2*m. List the prime factors of k.
2, 11
Suppose -4*n + 0*t + 237 = 3*t, -2*n + 121 = -t. Suppose n*s = 61*s - 636. List the prime factors of s.
2, 3, 53
Suppose x + 530 + 394 = 5*b, 3*b - 2*x - 553 = 0. Suppose 0 = 180*a - b*a + 20. What are the prime factors of a?
2
Let c(s) = -s**2 + 27*s + 101. Let w be c(30). Suppose 22*q - 198 = w*q. Suppose -y + 228 = -q. What are the prime factors of y?
2, 3, 41
Suppose 0 = c + 11 + 9. Let l(k) = -118*k**2 - 1210 + 40*k + 100*k**2 + 612 + 605 - k**3. What are the prime factors of l(c)?
7
Suppose -126*c + 130*c - 1636 = 0. Let b = -69 + c. List the prime factors of b.
2, 5, 17
Suppose 5*p + 3*t - 3275 = 0, 2*p + 0*p - 1289 = 3*t. Let w = p + -271. Suppose -w = -5*a + 2*n - 56, 5*a = -3*n + 300. What are the prime factors of a?
3, 7
Let u(q) = -2*q - 9. Suppose 5*c + 33 = h, -4*h = 4*c + 55 - 19. Let z be u(c). Suppose 0 = -3*r - b - 0*b + 88, z*b + 24 = r. List the prime factors of r.
29
Let d be 48*(-7 - -2)/5. Let y be (-12)/d - (-351)/4. Let t = y - 12. What are the prime factors of t?
2, 19
Suppose 6*x = p + 9*x, 2 = -p - x. Let g(j) = 74*j**2 + 2*j + 2. What are the prime factors of g(p)?
2, 331
Let n(v) = 831*v**2 + 634*v - 12. What are the prime factors of n(-5)?
73, 241
Suppose 5*a = -5*c - 357 - 258, 3*a - 5*c + 401 = 0. Let t = a + 200. What are the prime factors of t?
73
Let j be -5*1/(-1) + -2 + 40. Suppose u - 3*c - j = -4*u, -3*u + 2*c = -25. Suppose -3*s + 45 = 3*r - r, -s - 2*r + u = 0. List the prime factors of s.
17
Let q(u) = u**3 + 35*u**2 - 5*u - 211. What are the prime factors of q(-34)?
5, 223
Let m be -14*2*(6 + 3066/(-8)). Suppose -2517 - m = -15*i. What are the prime factors of i?
2, 109
Let n = -4282 + 14281. What are the prime factors of n?
3, 11, 101
Let h = 27959 - 17798. List the prime factors of h.
3, 1129
Suppose -13*m = 6*m + 114. What are the prime factors of -1*277*6/m?
277
Let q(j) = j**3 + 10*j**2 - 5*j + 20. Let o be q(-10). Suppose 5*s + 140 = 4*y, 2*y = -s - s + o. List the prime factors of (y/10 + -3)*314.
157
List the prime factors of (0 + 12)/(-2) - (-48266 - 69).
31, 1559
Suppose -5*n + 154 = 4*s - 119, 3*n + 369 = 5*s. Let v = 19 + s. Let c = -32 + v. What are the prime factors of c?
59
Let p(t) = t**2 + 15*t + 30. Let o be p(-13). Let x(h) = 1 - h - 17*h**2 - o + 18*h**2. What are the prime factors of x(-8)?
3, 23
Let z(x) = x**2 + 134*x + 14257. List the prime factors of z(0).
53, 269
Suppose 0 = -123*x + 117*x + 7734. Let b = x - 538. What are the prime factors of b?
751
Let h = 10 - 7. Suppose 3 + 0 = h*a. What are the prime factors of a + 74*3/2?
2, 7
Let w be (84/(-35))/(129/(-60) - -2). Suppose j = -z - z - 8, w = -2*z + j. What are the prime factors of ((-28)/z)/(1*(-8)/(-120))?
2, 5, 7
Let a(b) = -5*b + 91. Let c be a(17). Suppose 1480 = 11*x + c. What are the prime factors of x?
2, 67
Suppose -18 = -5*b - 268. Let c be 6/((-4)/(-2)) - b. Let r = c - -106. What are the prime factors of r?
3, 53
Let p(i) = 30*i**2 - 33*i - 4. Suppose -2*h + 3*g + 14 = -2*g, 2*h + 5*g = -26. What are the prime factors of p(h)?
5, 73
Suppose w + 3 = -2*w, -w - 338 = -m. Suppose -8*y + 39 + m = 0. List the prime factors of y.
47
What are the prime factors of 3/(-27) - (14 + 1085190/(-54))?
2, 3, 3347
Let m(i) = -184*i + 498. Let x be m(7). Let d = -485 - x. What are the prime factors of d?
5, 61
Suppose -4*r + 5*v - v = -15660, -2*r + 3*v + 7825 = 0. Suppose 0 = 7*o + 9*o - r. List the prime factors of o.
5, 7
Let l be (47/(-5) - -1)/(8/(-20)). Let c(w) = -w**3 + 23*w**2 - 40*w - 43. Let m be c(l). What are the prime factors of (112/(-32) - (m + -1))*-156?
2, 3, 13
Suppose 2*k - s - 1935 = 0, 0*k + s = k - 969. Let g = k - 404. List the prime factors of g.
2, 281
Suppose -4*y + 2250 = y. Let f = -16 + 20. Suppose 3*p + y = f*t, t - 110 = p + p. List the prime factors of t.
2, 3, 19
Let g = 64 - 55. Suppose -1731 = -3*b - 4*h, 5*b - 7*h - 2871 = -g*h. List the prime factors of b.
3, 191
Let z(y) = -16*y**2 - y + 2. Let q be z(2). Suppose -h = -5*d - 88, -5*h - d + 352 = -4*d. Let w = q + h. What are the prime factors of w?
2
Let g(x) = 4743*x**3 + 5*x**2 + 3*x - 13. List the prime factors of g(2).
37957
Let j(l) = 2*l - 5*l + l - 4 + l. Let g be j(-7). List the prime factors of (-7)/21 - (-292)/g.
97
Let z(s) = -s**3 + 4*s**2 + 3*s - 18. Let r be z(3). Suppose -8*t - 143 = -4*t + 5*p, r = 5*t + 4*p + 190. Let f = 91 + t. List the prime factors of f.
7
Let c be 5/(-15) + -160*(-56)/6. Suppose -4*q + c + 785 = 5*v, -2*q + 4 = 0. List the prime factors of v.
2, 227
List the prime factors of ((212/(-16))/(-1))/(9/4788).
7, 19, 53
Let k = -17330 + 29676. What are the prime factors of k?
2